o - 5*b = 24365, -6*o - 24400 = -11*o - 2*b. What is the tens digit of o?
7
Suppose 0 = 11*z - 2*z + 1287. Let h = 244 - z. What is the hundreds digit of h?
3
Suppose 43099 = 212*l - 205*l. What is the thousands digit of l?
6
Let f = 46338 + -9103. What is the units digit of f?
5
Suppose 0 = 8*w - 55 - 25. Suppose -105 = -4*l + 163. Let u = w + l. What is the units digit of u?
7
Let m(a) = -220*a**3 + 4*a + 20. What is the hundreds digit of m(-3)?
9
Let m(l) = 8*l - 104. Let n be m(13). Suppose -74*h + 67*h + 1386 = n. What is the tens digit of h?
9
Let j(z) = 4*z**2 + 6. Let v(h) = -5*h**2 - 7. Let m(o) = -6*j(o) - 5*v(o). Let f be m(-3). Let d = 26 - f. What is the tens digit of d?
1
Let j(g) = 7755*g - 5. Let w be j(2). Let z = w + -8513. What is the units digit of (-2)/9 - (z/(-36) + -3)?
7
Let g = -33692 + 74827. What is the thousands digit of g?
1
Let w(k) = 183*k**3 - 10*k**2 - 9*k + 10. Let q be w(-3). What is the tens digit of q/(-9) + 31/279?
5
Suppose -n + 12*w - 9*w = 841, 2*n + 1714 = -2*w. Let t = -504 - n. What is the tens digit of t?
4
What is the thousands digit of (-207)/(-138)*(-1 + 32951)?
9
Let c(q) = 2626*q**2 + 27*q + 84. What is the ten thousands digit of c(-3)?
2
What is the tens digit of ((-21329)/7)/((9/12)/(9/(-6)))?
9
Suppose b = -4*q + 7864, -149*q = 4*b - 153*q - 31496. What is the thousands digit of b?
7
Suppose -363500 = -47*d + 1162983 + 123734. What is the hundreds digit of d?
1
Let n = 0 + 94. Let l(m) = -174 + 49 - 7*m + n. What is the hundreds digit of l(-29)?
1
Let j = 155 + -164. Let m(n) = n**3 + 9*n**2 - 20*n + 1. What is the hundreds digit of m(j)?
1
Let t be 0/((-1 + 0)*(1 + -2)). Suppose t = -4*g + 112 - 32. Let c(b) = -b**3 + 20*b**2 + 3*b - 36. What is the units digit of c(g)?
4
Let y = 3753 - -1015. What is the tens digit of y?
6
Let m(h) = 2*h**2 - 20*h - 208. Let y(g) = 2*g**2 - 9*g - 18. Let k be y(0). What is the hundreds digit of m(k)?
8
Let t(o) = 2*o**3 + 13*o**2 - o + 6. Let v be t(-9). Let w = 558 + v. What is the units digit of w?
8
Suppose 420 = 19*a + 16*a. Let n(u) = 3*u**2 - 19*u + 50. What is the tens digit of n(a)?
5
Let n(g) = 131*g**3 + 15*g**2 + 47*g - 202. What is the hundreds digit of n(6)?
9
Let m(y) = -3*y + 37. Let n be m(9). Suppose 5*r = o + 2 + 5, -r - n = -4*o. Suppose 3*a - a + 4*x = 240, r*a + x - 243 = 0. What is the units digit of a?
2
Let a = 1283 - -5688. What is the thousands digit of a?
6
Suppose 28*o - 21 = 25*o. Suppose -4*a + o*v - 6*v = -1761, 4*v + 2204 = 5*a. What is the tens digit of a?
4
Let h(z) = z**3 - 20*z**2 + 96*z + 1. Let n be h(19). Suppose -4244 = -4*f - n. What is the tens digit of f?
9
Let h(s) = 16*s**3 + 48*s**2 - 6*s - 3. What is the ten thousands digit of h(8)?
1
Let x(u) = -u**2 + u - 75. Let i be x(0). Let y = i - -192. Suppose -y = 3*p - 6*p. What is the units digit of p?
9
Suppose 4369378 = 506*q - 7887430 - 3721154. What is the thousands digit of q?
1
Suppose 0 = -11*h + 377999 - 99820 + 88033. What is the thousands digit of h?
3
Let h be (-28)/(-70) + (-136)/(-10). Suppose 0 = -3*f + 230 - h. Let k = 74 - f. What is the units digit of k?
2
Let k(c) = -84*c**3 + 10*c**2 - 56*c - 676. What is the thousands digit of k(-8)?
3
Let h(j) = 62*j + 7. Let s be h(1). Suppose -4*g + 113 = -5*a, 6*g - 5*a - s = 4*g. Suppose 1780 = g*b - 12*b. What is the units digit of b?
8
Suppose -17969 = 22*u - 168405. What is the thousands digit of u?
6
Let x(m) = 2070*m**3 - m**2 + 15*m - 15. What is the tens digit of x(1)?
6
Let i = -11077 + 16932. What is the units digit of i?
5
Let f(t) = 7*t**2 - t - 7*t**2 - 5*t**3 + 2*t**2 - 6. Let l be f(-2). Suppose 3*m - j = l, 3*m - 34 = -0*m - 4*j. What is the tens digit of m?
1
Suppose -21*b - 440 = -17*b. Let t = 420 + b. Suppose 0 = -10*r + 8*r + t. What is the hundreds digit of r?
1
Suppose -7*i = -2*i - 4*v, i + v = 9. What is the units digit of (i/4 + 0)*(740 - 1)?
9
Let h(f) = -424*f - 59. Let q be h(-3). Suppose 6*l - q = 341. What is the hundreds digit of l?
2
Let p(i) = -354*i**3 + 5*i**2 - 11*i - 46. What is the hundreds digit of p(-4)?
7
Suppose 0 = 5*w + 19 + 6, -3*w + 41395 = 5*j. What is the units digit of j?
2
Suppose -5*g - 2*g = -9*g. What is the units digit of (-14072)/(-28) - (g + 9/(-21))?
3
Suppose -14*b = 30*b + 61*b - 2454795. What is the thousands digit of b?
3
Let a(z) = -65*z - 23. Let m(j) = 33*j + 12. Let n(d) = -4*a(d) - 7*m(d). What is the tens digit of n(2)?
6
Suppose 0 = 4*f + 3*t - 58983, 12*t - 10*t - 14752 = -f. What is the units digit of f?
2
Suppose 0 = 8*n + 291206 + 110370. Let d be n/(-49) + (-12)/(-21). Suppose -56*i - d = -61*i. What is the units digit of i?
5
What is the units digit of (-13)/416*4 + 2945/8?
8
Let f(r) = r**3 - r**2 - 3*r + 103. Suppose 17 = -n - 16*n. Let y be (1 - 1*(1 - n))*0. What is the tens digit of f(y)?
0
Let j be (-13 - -18)/(20/8). Suppose -j*w + 9*w = 1344. What is the tens digit of w?
9
Let p(r) = 76058*r**3 - 2*r**2 - 49*r + 49. What is the units digit of p(1)?
6
Let b(i) = -7*i**3 - 4*i**2 - 6*i - 22. Let o be 8/(-12)*27/6. What is the tens digit of b(o)?
4
Suppose 3 = -10*s + 7*s, -v = -4*s - 317. Let t = 397 - v. What is the units digit of t?
4
Let l = 12387 - -1335. What is the hundreds digit of l?
7
Let i be (1*4)/(12/540). Suppose -5*b - 2*a = i, b = -b + 5*a - 72. What is the units digit of b/(-8) + 2/(-4)?
4
Suppose 54*n + 2002 = 52*n - 2*g, 4*g - 8 = 0. Let w = -680 - n. What is the units digit of w?
3
Suppose 9812 = 10*p + 452 - 7960. What is the hundreds digit of p?
7
Let y be 3333/5 - -1*(-6)/(-15). Let d = -279 + y. What is the hundreds digit of d?
3
Let i be (1/(-2))/(118/40 - 3). Suppose -i*t + 0 + 20 = 0. Suppose 99 = 2*y + 3*y + t*c, -y - 2*c + 23 = 0. What is the tens digit of y?
1
What is the units digit of 297216/108 + 3/((-3)/2)?
0
Suppose 5*m + 2*a - 33 = -8, 5*a - 13 = 4*m. Suppose 3*s + 3*p + 5 = 53, -m*s = -4*p - 41. Suppose -s*l = -2060 + 50. What is the hundreds digit of l?
1
Let b be (-6)/(-10) - (-38)/(-5). Let q = -123 + 117. What is the hundreds digit of b/(-21) + (-1102)/q?
1
Let v = 588 + -358. Suppose 0 = -3*l + 2 + 4. Suppose l*h + h + n = v, -79 = -h + 2*n. What is the tens digit of h?
7
Let a be 455/(-273) - (-32)/(-6). Let u(w) = 17*w**2 + 31. What is the units digit of u(a)?
4
Let m(y) = 0*y**3 - 2 + 10*y**3 + 2*y + 3*y**3 - y**2. Let q be m(2). Let j = -72 + q. What is the tens digit of j?
3
Suppose -822300 = -3*m - 30*m - 42*m. What is the tens digit of m?
6
What is the tens digit of 29 + 527360/32 + (2 + -1 - -2)?
1
Let d = -5769 + 12021. What is the units digit of d?
2
Let j = 90 + -136. Let s = 45 + j. What is the units digit of (-49)/(s*5/10)?
8
Let g(l) = 19*l + 0 + 66 + 46 - 8. What is the tens digit of g(4)?
8
Let k = -321 - -1564. Let h = -235 + k. What is the hundreds digit of h?
0
Let v be 39/6*(-8 - -12). What is the units digit of (-602)/(-5) + v/(-65)?
0
Let y(g) = 6*g**2 + 28*g - 4. Let l(t) = t**2. Let o(w) = -5*l(w) + y(w). Let n be o(-29). Suppose 3*q = -q + 4*a + 400, -n = -5*a. What is the tens digit of q?
0
Suppose -3*y + 53878 = n - 84341, 5*n = 15. What is the tens digit of y?
7
Let i be 6/30 + (-70774)/(-55). What is the thousands digit of (i - (0 + 1 + 3)) + 4?
1
Suppose 15 = a - 2*g, 10 = -3*a + 3*g - 8*g. Let c(s) = 4*s**3 - 8*s**2 - 17*s + 77. What is the hundreds digit of c(a)?
2
Let m(r) = -2*r**3 + 4*r**2 - 28*r + 22. Let s be m(7). Let b = -406 - s. What is the units digit of b?
8
Let d = 21 + -14. Suppose -2*k - d = -23. What is the tens digit of 4/(k/3)*830/15?
8
Let p be ((-748)/20 + 9)*(-49 + -1). Suppose 4*c + z - 4*z = p, -3*c = -4*z - 1065. What is the tens digit of c?
5
Let z(g) = 1248*g**2 + 168*g + 23. What is the units digit of z(-4)?
9
Let j(p) = 25*p**3 - 16*p**2 + 19*p + 12. Let y be j(5). Let o = y + -1634. What is the hundreds digit of o?
1
What is the thousands digit of 2607936/348 - (-4)/(-58)?
7
Let r = 17 - -17. Let x(s) = 41 - 4*s**2 - 63 + s**3 + r + 4*s. What is the tens digit of x(7)?
8
Suppose -26*y + 901798 + 2228086 = 36*y. What is the ten thousands digit of y?
5
Suppose 159577 = 4*k + t, -5*t = 73*k - 68*k - 199475. What is the tens digit of k?
9
Let u(w) = 4*w - 42. Let s be u(10). Let k be (-1)/(s/(-9))*-2. Suppose 0 = -k*v + 1448 - 56